 26 + (26 - (27 + -1))?
26
Evaluate -747 + 722 - (-16 + 0).
-9
2 - 0 - (76 - 96)
22
-9 - (0 - -5 - (-4 + 3 + 12))
-3
What is the value of 4 - (-6 - (3 + -4))?
9
Evaluate 41 + (7 - -2) + -28.
22
Evaluate -9 + (15 + 0 - (4 - 0)).
2
Calculate -9 - (-22 - -8) - (-2 + 0 - 2).
9
What is -46 + 17 + -3 + 13?
-19
18 + 23 + -7 + -18
16
Calculate 36 + -28 + (-1 + 1 - 1).
7
What is the value of (7 - 14) + (-2 - -2)?
-7
What is the value of 0 - (-1 + 4 + 1 + -36 + 36)?
-4
Evaluate -38 - (-13 - 16) - (-3 - 7).
1
Calculate 1 + (-1 - (-2 + -2)) - (5 - 11).
10
Calculate (-46 - -58 - (0 + 0)) + -4.
8
What is (-1 - (-3 - -1)) + 17 + -17?
1
Calculate 14 + (4 - 7) + -8.
3
Calculate -3 - (6 - (5 - -4)).
0
4 + 11 + (4 - (3 + (2 - -5)))
9
(18 - (-14 + 15)) + -24 - (3 - 0)
-10
What is -1 + 1 - (-31 + 5 - -17)?
9
Calculate -6 + 0 + (12 - (0 - (-5 - -9))).
10
What is 22 + -5 + (-5 + (15 - 1) - 2)?
24
Evaluate 11 - (6 - -5) - -1.
1
Calculate -11 + (-16 - -27 - 5).
-5
What is the value of -45 + (21 + 2 - 9 - 3)?
-34
What is 10 - 2 - (6 + -10 - 4 - 1)?
17
Calculate 20 + -4 + -32 + 20.
4
Evaluate 3 + -4 - (2 - (5 + 11)).
13
What is 21 - 11 - 35 - -27?
2
Evaluate -45 + 42 - (-12 - (0 + -1) - -1).
7
What is (-1 - -12) + -1 - (485 + -482)?
7
Evaluate (7 - -1 - 12) + 0 + -5.
-9
What is 9 + (-1 + -1 - 8 - (-117 - -107))?
9
Evaluate 0 - (-3 + 0 - (-17 - (-12 - 3))).
1
Calculate (8 - 16) + (25 - 5).
12
Calculate -27 - (-13 + -3) - -26.
15
Calculate -4 + 8 + 0 + 0 + -3 + 3.
4
Calculate 1 + (-3 + -17 - -12) + 23.
16
1 + -5 + -5 + 2 + -11
-18
Evaluate -33 - (1 - 11 - (10 + -9)).
-22
What is the value of 0 - -1 - ((-2 - -4) + -8)?
7
Evaluate 1 + (2 - (11 + -6)).
-2
Calculate (-9 - (-14 - 8)) + -13 + (2 - -21).
23
0 - 9 - 0 - (977 + -991)
5
What is 1 + -1 + (-12 - -3 - (-25 + 17))?
-1
What is (11 - (-2 - (-8 - -10) - -6)) + -2?
7
Evaluate -185 + 187 + 0 + -42 - -17.
-23
4 - (20 + -24) - 34
-26
-31 + 19 + -7 + 5
-14
3 + -17 + 4 + (-6 - (-14 - -6))
-8
What is the value of 28 + -25 + (-1 - 2) + -9?
-9
Evaluate (-187 - -217) + -11 + -1 - 0.
18
Calculate 1559 - 1589 - (0 - 53).
23
Calculate -4 + (28 + 5 - 8) - 6.
15
Evaluate (1140 - 1130) + -6 + (-2 - -3).
5
-175 + 173 + (4 - -1)
3
What is 0 + (-76 - -99 - (-1 - -3))?
21
Evaluate -48 + (29 - 7) - (-7 - (-2 - 3)).
-24
What is the value of (3 - 5) + 18 + -7 + (26 - 20)?
15
Evaluate 26 - (22 + (29 - 23)).
-2
What is the value of 19 - (37 - (14 + -17))?
-21
What is (-21 - (2 + -1 + -9)) + 8?
-5
Calculate 5 - (13 - (-1 + 3 - (43 - 40))).
-9
What is -1 + -7 + (-251 - -262)?
3
Evaluate -7 + 16 + (-1 - -2) + -36.
-26
What is the value of -8 + (0 - 2 - -5) - (0 + -14)?
9
Evaluate 16 - (16 + -22 + 7).
15
What is the value of -43 - (18 + -52) - (-1 + -1)?
-7
-2 + 31 + 0 + -371 + 365
23
What is the value of (26 - 20 - 17) + 9?
-2
Calculate -10 - (7 + (-9 - -2)) - (-18 - 0).
8
What is the value of -1 - ((-27 - -32) + (-1 - (-2 + 0)))?
-7
Evaluate -5 - (2 + 2 - 14).
5
What is the value of -11 + (1 - -11 - (-6 + 12 + -20))?
15
What is (6 - 7) + (1 - (7 + (7 - 9)))?
-5
Evaluate 41 - 4 - 15 - -13.
35
What is the value of (-34 - (21 + -34)) + 12?
-9
What is (7 - -8) + -10 + 3 - -7?
15
What is the value of -93 + 105 - (2 - (-1 + 2 - 1))?
10
Evaluate 12 - (-13 + 35) - -2.
-8
What is -1 + 12 - 2 - (17 + -20)?
12
343 - 361 - (-1 - (-1 + 3))
-15
What is -31 + (-9 - 10 - (0 - 18))?
-32
Evaluate 18 - (8 - (-1 - -1) - 8 - 4).
22
Calculate -14 - ((-3 - (6 + -5 + 2)) + 2).
-10
-12 - (1 + (6 - 6 - 7)) - -18
12
What is the value of 18 + (-8 - -4) - (73 - 74)?
15
-22 - (-10 + 0 - (11 + -12))
-13
Evaluate 1 + ((-1 - -5) + (-38 - -37) - -24).
28
34 + -56 - -7 - -44
29
What is (-8 - -14) + -1 + -2 + 8 + -3?
8
(1 + -3 - -14) + 19 + -37 + 23
17
Evaluate -14 + (-13 - (-8 - (-3 + 35))).
13
What is (-22 - -20 - -5) + (2 - 7)?
-2
Calculate (-5 - -7) + 20 + -47.
-25
What is the value of (-44 - -75) + -20 + 3 + -40?
-26
What is 13 - (-4 - -1 - (152 + -165))?
3
What is the value of -11 - -1 - (19 - (8 - -4))?
-17
Evaluate -3 + -8 - (2 - 6) - (2 - -4).
-13
What is (17 - ((-1 - -7) + 5)) + 0 + 0?
6
Calculate -58 + 42 - (-5 - 3 - -20).
-28
Calculate 2 + (-19 - (1 - 10)) + 25.
17
What is the value of 3 + (15 + -20 - -18)?
16
What is (1 - (-1 + 4) - -11) + -7 + 5?
7
What is the value of 20 - (-12 - -31) - (1 + 8)?
-8
Calculate (17 - 54) + 20 - (8 - 0).
-25
What is -1 - 1 - ((5 + -6 - -5) + -3)?
-3
What is the value of 10 + -4 + -8 + 0 + 0 + 16?
14
What is 2 - (23 + -6) - -25?
10
-5 - ((-5 - 4) + (8 - (-8 + -12)))
-24
-10 + 3 + (-23 - (-16 - -5))
-19
Calculate -1 - 11 - (254 + -280).
14
Evaluate (7 - 6) + -3 + 15.
13
What is the value of -2 + (-3 - 1) - (110 + -107)?
-9
Calculate (-16 - -2) + 26 + -6.
6
What is the value of 76 - 61 - (-3 + 14 + -3)?
7
Calculate (32 + -13 - 4) + -14.
1
What is (-2 + (7 - (12 - 7)) - 7) + -8?
-15
Calculate (9 - 5) + -1 + 11 - -1.
15
What is 1 + -11 - (-218 - -217)?
-9
Evaluate (-35 + 22 - -24) + -7.
4
Calculate (13 - (5 - 4)) + -20 + 11.
3
What is the value of -140 + 146 - (-7 + 2 + (2 - 1))?
10
Calculate -21 - (6 - 19) - (0 + -4 + 9).
-13
What is 53 - (26 - (13 + -11))?
29
Calculate -4 + -3 + -4 + 6 + 5 + -1.
-1
Calculate 26 + (-11 - -6) + -1 + 0 + -7.
13
What is the value of (-3 - -5) + 24 + -33?
-7
0 - (12 - 26 - -4)
10
Calculate 1 + -6 + -11 + (19 - 9).
-6
Calculate -3 + (1 - 8) + 1 + (141 - 141).
-9
Calculate -20 + -18 + 47 + -14.
-5
Evaluate -9 + 37 + (-7 - 33).
-12
-4 + -1 - (-6 + 11 + -5) - 2
-7
-29 - (24 - 92 - -20)
19
What is (-1 - -2) + 4 + -2 + -2 + 1?
2
Evaluate -19 - (10 + -19) - -6 - (18 - 0).
-22
Evaluate (2 - 6) + 2 + (2 - -6) + -21.
-15
What is the value of (-41 - -14) + 6 + 14?
-7
What is 1 - 15 - (-233 - -213)?
6
Calculate 40 + -32 - (-1 + 13) - 9.
-13
Calculate -7 - (-3 - (-3 - 2)) - (5 + 0).
-14
Calculate -3 + (-3 - (8 - (3 + 4))) + 1.
-6
What is 16 + (3 - -1) + (-26 - (-25 - -10))?
9
Evaluate (8 - 7) + 4 + -2 + 0.
3
What is 7 + (-6 + -3 + 8 - (5 + -5))?
6
What is the value of 3 + -9 + 3 + (9 - 9) - -3?
0
Evaluate 2 + 2 - ((-6 - 11) + 8).
13
Evaluate -2 + -7 + (-3 - (-14 + 7)) + -11.
-16
Calculate 3 - 3 - 2 - -3 - (-354 + 364).
-9
Evaluate -4 + (-5 - -11) + -14 + 31.
19
What is 0 - (16 + (-3 + 14 - 1))?
-26
-4 + 1 + (-83 + 72 - (2 + 13))
-29
(8 - -22) + -5 + -14
11
Evaluate 2 - (-1 + -4 + (13 - (-18 + 37))).
13
What is 42 + -10 + (5 + -18 - -7)?
26
Calculate -303 - -310 - ((-2 - 1) + -6).
16
8 + 3 + -5 - 13
-7
Evaluate (12 - -2 - 51) + 63.
26
What is -4 + (15 - 7) + -7?
-3
Calculate -78 + 41 - -36 - (-38 - 0).
37
Calculate -39 - (-33 + 14 - 2).
-18
Calculate -535 + 529 + (-2 - -29).
21
What is the value of 32 + (-15 - 14) - (0 - -12)?
-9
Calculate (-18 - (0 + 7 + -14 + 6)) + 8.
-9
What is -2 + 9 + -7 + 5 + -4?
1
What is the value of -14 + (-5 + 10 - -4) + -8?
-13
8 + (-12 - 3) + 12
5
Calculate -10 + 3 - ((4 - 1) + -22 + 4).
8
What is the value of -3 + (-14 - -2 - -24)?
9
(-11 - (-11 + -2) - -7) + 5 + -1
13
4 - (-14 + 8 - -10 - -8)
-8
What is (5 - ((1 - -1) + -11)) + -2?
12
What is -14 - 9 - (-1 + (-2 - -3) + -6)?
-17
What is 10 + (790 - 789 - (-10 + (-1 - 0)))?
22
What is the value of 25 + (-3 - (-3 + 4)) - 8 - 1?
12
Evaluate 32 + 64 + -32 + -49.
15
(-95 + 16 - -36) + 12
-31
Evaluate -55 - 4 - (36 - 72).
-23
Evaluate -6 + 24 - 5 - 7 - 13.
-7
(7 + -11 - 15) + (2 + 0 - -5)
-12
Calculate -1504 + 1499 + (-1 - -2) + -15.
-19
What is (-96 - -90 - (0 - -1)) + 0 - -4?
-3
-1 + -2 + -57 + 58 + 10
8
Calculate 3 + -2 + 17 + -14.
4
Evaluate 1 - 7 - 0 - (2 - 2 - -2).
-8
-19 + -4 + -31 + 28
-26
3 + -10 - (-25 + 5)
13
Evaluate 5 + 1 + -8 + -6 - (-10 + -10).
12
Evaluate (-19 - -9) + (125 - 140).
-25
Evaluate -11 + (-6 - (-4 - 3)) - 0.
-10
Evaluate 1 + 8 + -17 + 8 + 6.
6
(-37 - -35) + ((-11 - -6) + 5 - 4)
-6
What is the value of 1 + -5 + 0 - (434 - 445)?
7
What is the value of 223 + -205 + (-1 - 1 - -11)?
27
Evaluate -4 - -20 - 2 - (-4 + 0 + 8).
10
What is 29 - (15 - -36) - -22?
0
Evaluate -1 + 2 + (13 - -2).
16
What is 31 + -52 + 25 - ((0 - -1) + 9)?
-6
-5 + (5 - (13 + -6 + (-3 - -3)))
-7
What is 5 - (-10 + (-6 - -38) + 1)?
-18
What is -4 + (-23 - (7 + -6 + -7)) + 6?
-15
Evaluate 30 + -16 + -18 + 14.
10
What is -21 + 31 - 21 - -25?
14
Evaluate 1 - (3 - (-4 + (-4 - (2 + -5)))).
-7
Calculate 38 + -48 + 35 + 8.
33
Evaluate (1 - -10) + (-18 - 3 - (400